 + (-5 - (-4 + 1)) - 0.
-4
Evaluate 4 - -1 - (-12 + 18).
-1
3 + (5 - 4) + 0
4
What is the value of 3 + 1 + -8 + -5?
-9
Calculate -7 + (-3 - -3) + 2.
-5
What is the value of (-1 - -1 - 2) + (-11 - -12)?
-1
Calculate 2 + (-3 - -2 - 4).
-3
Calculate -1 + -3 - (-15 - -7).
4
Evaluate 0 + (-2 - 5) - -2 - -6.
1
Evaluate 4 + (-9 + 1 - -5).
1
Evaluate 11 - ((12 - 16) + 9).
6
What is 10 - -1 - (10 + 3)?
-2
What is 14 + -4 - 1 - 2?
7
(6 - 1 - 16) + 10
-1
What is the value of -1 + 27 + -18 - (-1 + 8)?
1
1 + -1 + -2 + 7 - 3
2
What is -9 + 11 + (-3 - 0) - -4?
3
Calculate -4 + 4 + (6 - 2).
4
Evaluate (-1 - (-3 + 3)) + (7 - 6).
0
(1 + (2 - 2) - 3) + 1
-1
-2 + 2 + 2 + -7 + 7
2
Calculate -1 + -3 + 1 + -1 + 8.
4
(2 - (-3 + 3)) + (-4 - -4)
2
What is the value of 6 + -8 + 2 + 3 - 3?
0
Evaluate -4 - (2 + (8 - 13)).
-1
What is the value of -5 + 5 - (-1 + (-1 - -1))?
1
Calculate -5 - (1 - 5) - 4.
-5
Evaluate -3 + 1 + 3 + -2.
-1
What is -1 + (-1 - 3) + 8 + -2?
1
What is (-1 - 0) + -3 + 0?
-4
What is the value of -1 + 12 + -14 + -1 + 2?
-2
What is the value of 4 - (-2 - (-7 - (3 - -1)))?
-5
Evaluate 4 + (-10 - (-16 - -5)).
5
Calculate 26 - 24 - (5 - (-2 + 2)).
-3
What is (4 - 5) + 4 + -6 + 3?
0
What is -1 + -3 - (2 + (1 - 4))?
-3
What is the value of 3 + (10 - 32 - -12)?
-7
What is the value of -4 + -2 + 2 + -3 + 3?
-4
Calculate -3 + 5 + (10 - 6 - 10).
-4
Calculate 5 + (1 - 3) + 10 + -5.
8
What is the value of -6 + 1 + -3 + 10?
2
(3 - 10) + 4 - 1
-4
(30 - 27) + (-1 - 0)
2
-5 - 0 - (9 - 9)
-5
Evaluate (5 + 9 - 11) + 0 + 1.
4
What is the value of 6 + -12 + (3 - -4)?
1
-6 + (6 - 5) - (-4 + 3)
-4
What is 5 - ((0 - (4 - -1)) + 3)?
7
What is the value of 4 + (2 - 3 - -1) - 8?
-4
Calculate -1 + (-1 + 4 + -4 - 2).
-4
What is (-11 - (-13 + -2)) + (-2 - 0)?
2
Calculate 8 - (-3 - (6 - 15)).
2
What is the value of 6 + (5 - (8 + 5))?
-2
What is 3 - (-1 - -1) - (12 + -12)?
3
(6 + -7 - 6) + 9
2
Calculate 6 + -1 + (-8 - -11) + -12.
-4
-5 - (8 + -12) - -2
1
Evaluate -6 - 0 - (7 + -12).
-1
What is 0 + (1 - (-4 - -5)) + 5?
5
Calculate -3 - (0 - -1) - (-2 + 0).
-2
What is the value of (1 - (-27 - -20)) + -1 + 0?
7
What is 0 - -4 - (-43 + 47)?
0
What is the value of 3 - (2 - 6 - -3 - 1)?
5
Evaluate -15 + (0 - -5) + 6.
-4
What is the value of 8 - (8 + -5) - 2?
3
Evaluate (0 - 9) + (-21 - -36).
6
What is 0 + (4 - (-1 + 2)) + -2?
1
What is the value of -10 + (-1 - -6) + 1 + 13?
9
What is the value of (-1 - (-2 - 3)) + 0 + 0?
4
Evaluate (43 - 41) + (1 - -1).
4
-2 + -3 + (5 - 1)
-1
-5 - -2 - (-3 - (2 - 5))
-3
What is -1 + 5 + -9 + 9?
4
What is -4 - -1 - (2 - 13)?
8
Evaluate -3 + (2 - -4) - -3.
6
What is the value of 3 - (7 + -6) - (5 - 1)?
-2
1 + 4 + -8 - -3 - -4
4
Calculate 10 - 4 - (1 + 4).
1
(7 + -7 - (-1 - -4)) + 2
-1
Calculate 9 + (-7 - (-1 - -7)) + 6.
2
(-4 - 3 - -17) + -1
9
Evaluate (118 - 118) + (-1 - 0).
-1
4 + -22 + 25 + (0 - -1)
8
What is 2 + -1 + (-11 - -5)?
-5
Calculate 7 - (0 + (10 - 7)).
4
Evaluate -5 + 0 - -2 - (0 - -1).
-4
56 + -60 + -2 + 1 - -16
11
(1 - 4) + (3 - 2)
-2
10 - (11 + 7 + -5)
-3
9 - 3 - (-1 + 4 + -1)
4
Calculate 2 - 0 - (-4 - (-12 - -6)).
0
Calculate (-2 + -5 - -10) + -7.
-4
What is the value of -3 - ((6 - 5) + 1)?
-5
Calculate (7 - 14) + (1 - -2).
-4
What is the value of (-5 - -2) + 4 + -6?
-5
What is -3 + 1 - -6 - 1?
3
Evaluate 10 - 17 - (1 - 6).
-2
-8 - -2 - (-2 - 6)
2
Evaluate 1 - (-5 + 5) - -4.
5
Calculate -11 + 0 - (-17 - (-7 + -4)).
-5
Evaluate -4 - 2 - (1 + -2).
-5
Evaluate 1 - (-2 - (-4 + 1) - 4).
4
Evaluate 66 + -66 + (-8 - -2).
-6
Calculate -9 + (-4 - (3 - 12)).
-4
What is the value of -1 + 2 - (8 - 9) - 1?
1
What is -6 + (5 - 7) + (-2 - -9)?
-1
What is -208 + 204 - ((-6 - 0) + 0)?
2
Calculate 4 - (2 - (2 - 4 - -1)).
1
What is -5 + -1 + 4 + 3?
1
What is 9 - ((1 - 12) + 15)?
5
3 + 7 - 4 - 9
-3
What is -1 + (-4 - -2) + -3?
-6
What is the value of 3 - (2 - -1) - -4 - -1?
5
Calculate -1 - (1 + -3) - (1 - 0).
0
What is -5 - (-3 + (-1 - -4))?
-5
Evaluate (9 + -17 - -2) + 6.
0
Evaluate (-1 + 1 - -1) + 29 + -32.
-2
What is the value of (3 - (-17 + 16)) + -5 + -1?
-2
Calculate 11 + -6 + 1 + 0 + -2.
4
What is the value of 10 - (-7 + -3 + 18)?
2
What is (3 - 3) + 0 + -2?
-2
(16 - 19) + (-1 + 2 - -3)
1
-16 - -11 - (-11 - -2) - -4
8
-2 + -10 - (-2 + -10)
0
What is the value of 5 + -23 + 26 + (-1 - 13)?
-6
Evaluate 13 - 9 - (1 + 1).
2
Evaluate 2 + 3 + -1 + (0 - 3).
1
Calculate (-1 - 2) + (-2 - -7) - 3.
-1
What is the value of -5 + 2 - (-9 + (-4 - -8))?
2
What is 5 - 10 - (5 + -5 - 2)?
-3
Calculate 0 - (-1 + -3 + 9 + -6).
1
What is the value of 0 - -14 - (5 - (0 + -3))?
6
What is -6 + (1 - 4) + -32 + 33?
-8
What is (5 - (-1 - (4 - 14))) + -1?
-5
What is the value of -16 - (1 + 3 + -14)?
-6
(-9 - -6) + -6 + 4
-5
What is (4 - -4) + -5 + (-2 - -1)?
2
What is the value of -1 + -3 - (-4 + 2)?
-2
(1 - 2) + (0 - (-4 - 2))
5
What is -1 + (5 - 0) + (1 - 1)?
4
Calculate -6 - (4 + 2) - -8.
-4
31 + -29 - (-2 - -10)
-6
What is (-2 + 1 - -13) + -17?
-5
7 - (-1 + (-4 - -5))
7
5 + -1 + -18 + 7 + 1
-6
Calculate 6 + 0 + -3 + -3 - -3.
3
-7 + (2 - 0) - (30 - 33)
-2
Calculate (-7 - -8) + 7 - 7.
1
What is the value of -12 + 14 - (-3 - -4)?
1
-10 - (-6 + (-4 - -6) - -1)
-7
What is the value of 10 + -7 - (2 + 1) - -4?
4
Evaluate (-3 - -2) + 0 + 3.
2
Calculate -4 - -3 - ((2 - 1) + -6).
4
What is the value of 17 + -20 - (0 - 3)?
0
Evaluate (-1 - (-2 - -2)) + (1 - -5).
5
Evaluate -2 + (0 - -5) - 7.
-4
What is the value of -5 + 22 - 5 - 8?
4
-5 - (-7 + 12 - 5)
-5
-6 - (-9 + 1) - 4
-2
What is the value of -3 - (-3 - -4 - 4)?
0
4 - ((4 - -1) + -3)
2
What is the value of -13 + 6 + 1 - -7?
1
What is the value of (13 - 10) + (0 - -1)?
4
What is -8 + -2 - (-50 + 47)?
-7
Evaluate (-5 - (-6 + -2)) + (1 - 3).
1
What is the value of (3 - (-10 - -20)) + 7?
0
Evaluate 6 + (3 - (3 - -5)).
1
-3 + 4 + (3 - 6)
-2
What is the value of -2 - (2 + -12) - (6 + -3)?
5
What is the value of 8 + (9 + 4 - 11)?
10
What is 3 + -1 + (1 - 2) + 0?
1
Calculate 7 + (-11 - -5) + 3.
4
What is -2 + (-4 - (4 - 3) - -3)?
-4
What is the value of -3 + 0 + (6 - 8) + 5?
0
Evaluate 5 - (0 - -2 - 2).
5
Calculate (-7 - -11 - (2 - -3)) + 2.
1
Evaluate (-4 - -15) + -5 + -1.
5
Calculate (-6 + 7 + 3 - -5) + -8.
1
19 - (2 - (5 - 13))
9
Calculate -7 + 7 + -8 + 15 + -4.
3
What is the value of (-1 - 0) + -4 + (-4 - -11)?
2
What is the value of -5 - (-2 - 6) - -5 - 11?
-3
What is -7 + -11 + 9 + 8?
-1
Evaluate 0 - (16 + 0 + -8).
-8
What is the value of 0 + -2 - (-5 - 1 - 2)?
6
Evaluate -5 + 2 + 1 + 3 + 0.
1
What is -2 + (1 + 6 - 4 - 7)?
-6
Calculate -2 + -1 + 3 + -4.
-4
Evaluate (-1 - -1) + (-10 - -14) - 3.
1
What is the value of 25 + -25 - (-5 + 1)?
4
What is the value of -30 - -41 - (0 + 3)?
8
What is the value of (-3 - 3) + 5 - -5?
4
0 + 5 + (13 - 22 - -9)
5
Evaluate -2 + -3 - (3 - 5).
-3
What is 2 + -4 + -2 + -9 + 14?
1
1 - 4 - (4 - 11)
4
(-3 - -1) + (5 - 1)
2
What is the value of 16 + -8 + -5 + -1?
2
Evaluate -5 - -6 - -4 - (-5 - -8).
2
Evaluate -2 + 4 + -4 + -1 + 8.
5
Calculate 7 - (2 + 2 + 13 + -16).
6
What is (9 - -3) + 28 + -34?
6
0 - -6 - ((-16 - -14) + 1)
7
Calculate 4 - (14 + 14 + -15).
-9
-86 + 87 + (2 - -1)
4
Calculate 0 + (5 - -2) + -10 + 7.
4
What is the value of 3 + -2 - -2 - (5 - 1)?
-1
What is 4 + 3 + (-2 - 2)?
3
Calculate -14 - -25 - (-5 - -14).
2
What is (1 + -1 + 4 - -8) + -4?
8
What is the value of -3 + (6 - (-9 - -15))?
-3
Calculate (-8 - -3) + 6 + -11.
-10
-1 + 4 - 0 - -1
4
What is the value of -2 + (-4 + -2 - -4) + 3?
-1
2 + 4 + (7 - 11)
2
What is (1 - 4) + (7 - 2)?
2
-5 + 3 + 1 + 2
1
Evaluate 1 + -3 + -21 + 10 + 10.
-3
Evaluate 5 - (8 + (7 - 14)).
4
What is (44 - 52) + 14 + -1?
5
4 + -3 - 1 - 5
-5
Calculate (20 - 27) + 5 + 1.
-1
Evaluate -11 + 8 + 8 - 11.
-6
3 - (7 - 0) - -2 - 1
-3
Evaluate -2 + (-6 - -10) + 2.
4
Evaluate 10 + -4 - (5 - (-3 + 6)).
4
(-1 - 1) + (3 + -2 - -6)
5
What is -15 + 11 + 11 - (0 - -1)?
6
What is -3 + (2 - 1 - (-3 + -1))?
2
Calculate -6 + 7 + -3 + (-5 - -12).
5
Calculate -1 - -6 - (7 - (-4 + 6)).
0
Evaluate -3 + -1 - -7 - 8.
-5
What is 1 - (-4 + 4 + (-6 - -3))?
4
Calculate -1 + 3 - (2 + 4).
-4
What is 3 + 2 + (-3 - 3) - 4?
-5
-24 + 25 - (0 + (-2 - -7))
-4
What is 1 + (5 - 5 - -4) + -1?
4
-2 + 1 - (-1 + 1) - -1
0
Calculate -7 - (-2 + 2 - 3).
-4
What is -6 + (-4 - -6) + 0 - -1?
-3
(-6 - 1) + 10 + 1